435 and 33785?
145
Calculate the greatest common factor of 51 and 167977.
17
Calculate the highest common divisor of 649 and 1157167.
649
What is the highest common factor of 652 and 160718?
326
What is the greatest common factor of 32 and 866960?
16
What is the highest common divisor of 552 and 42711?
69
Calculate the highest common divisor of 3035176 and 16.
8
Calculate the highest common factor of 274 and 26441.
137
Calculate the greatest common divisor of 8106 and 6369.
579
Calculate the highest common divisor of 294 and 1117536.
42
Calculate the greatest common factor of 277 and 15.
1
Calculate the highest common divisor of 6876 and 28.
4
What is the greatest common factor of 51 and 78081?
51
What is the highest common factor of 172 and 8901?
43
Calculate the highest common factor of 1212 and 303.
303
What is the highest common divisor of 60 and 1400244?
12
Calculate the greatest common divisor of 178254 and 378.
54
Calculate the greatest common divisor of 72582 and 6.
6
Calculate the highest common factor of 5 and 3191.
1
Calculate the greatest common factor of 13570 and 135995.
295
Calculate the highest common factor of 10 and 4461970.
10
What is the highest common factor of 64549 and 119?
17
What is the highest common divisor of 4851 and 1302?
21
What is the highest common factor of 9 and 144081?
9
Calculate the greatest common divisor of 12407 and 5111.
19
Calculate the greatest common divisor of 47362 and 1190.
238
Calculate the highest common divisor of 88 and 5258.
22
What is the greatest common factor of 1472 and 5309504?
1472
What is the greatest common factor of 876 and 852?
12
Calculate the highest common factor of 27 and 21114.
27
What is the greatest common factor of 354 and 221250?
354
What is the highest common divisor of 1686 and 48?
6
Calculate the highest common factor of 353 and 324407.
353
Calculate the highest common divisor of 601573 and 49.
49
What is the highest common factor of 220 and 5450?
10
Calculate the highest common divisor of 924 and 10329.
33
Calculate the highest common divisor of 2 and 128.
2
Calculate the highest common divisor of 133920 and 128.
32
What is the highest common factor of 102032 and 3?
1
What is the greatest common divisor of 294430 and 180?
10
What is the highest common factor of 2421 and 1587907?
269
Calculate the greatest common divisor of 1391739 and 58.
29
What is the greatest common divisor of 2663948 and 56?
28
What is the highest common divisor of 18898 and 330?
22
Calculate the greatest common divisor of 856 and 2728.
8
What is the greatest common factor of 73976 and 6?
2
Calculate the highest common factor of 80 and 33310.
10
Calculate the highest common factor of 2257990 and 140.
70
What is the greatest common divisor of 13100 and 25500?
100
What is the highest common divisor of 11534 and 6?
2
Calculate the greatest common divisor of 675 and 125250.
75
Calculate the greatest common divisor of 165 and 39633.
33
Calculate the greatest common divisor of 248292 and 3564.
1188
Calculate the greatest common factor of 2567 and 1208.
151
What is the highest common factor of 25714 and 115?
23
Calculate the highest common factor of 8418 and 3125884.
2806
Calculate the highest common factor of 310944 and 123.
123
Calculate the greatest common factor of 7850 and 85094.
314
Calculate the greatest common divisor of 154910 and 56.
14
Calculate the highest common divisor of 211172 and 1572.
524
What is the greatest common factor of 8658 and 90?
18
What is the highest common divisor of 2016 and 6804?
252
Calculate the highest common divisor of 40 and 11560.
40
What is the greatest common factor of 2582571 and 6?
3
What is the highest common factor of 828 and 88458?
138
Calculate the highest common factor of 1168 and 2423016.
584
What is the greatest common factor of 94385 and 45?
5
What is the greatest common divisor of 16215 and 1035?
345
Calculate the highest common factor of 17070 and 59176.
1138
Calculate the highest common divisor of 131844 and 156.
12
Calculate the greatest common factor of 427 and 1939.
7
Calculate the highest common divisor of 68204 and 2788.
68
Calculate the highest common factor of 786 and 3961440.
786
Calculate the greatest common factor of 6 and 982401.
3
What is the highest common factor of 115 and 13865?
5
What is the highest common divisor of 52833 and 4191?
33
What is the greatest common factor of 452608 and 442?
442
Calculate the highest common divisor of 108 and 308.
4
Calculate the greatest common factor of 1440 and 320.
160
Calculate the highest common factor of 38868 and 176328.
948
What is the greatest common factor of 165 and 42130?
55
What is the greatest common divisor of 617 and 1572733?
617
Calculate the greatest common factor of 6578 and 193798.
506
What is the highest common divisor of 138 and 3956?
46
Calculate the highest common factor of 564 and 82532.
188
Calculate the highest common divisor of 181 and 125071.
181
What is the greatest common divisor of 975 and 9825?
75
Calculate the highest common factor of 1278 and 1746.
18
What is the highest common factor of 287326 and 81614?
1118
Calculate the greatest common divisor of 216 and 14418.
54
What is the greatest common divisor of 219163 and 478?
239
Calculate the greatest common factor of 492 and 17340.
12
Calculate the greatest common factor of 3464 and 3.
1
What is the greatest common factor of 56023 and 121?
121
Calculate the greatest common divisor of 1020 and 250410.
510
What is the highest common divisor of 375 and 156825?
75
What is the highest common divisor of 367169 and 638?
319
Calculate the greatest common factor of 20665 and 5.
5
Calculate the highest common factor of 36872 and 440.
88
Calculate the greatest common factor of 35179 and 3048.
127
Calculate the highest common divisor of 71786 and 198.
22
What is the greatest common divisor of 228 and 455772?
228
What is the greatest common divisor of 3185 and 1105?
65
Calculate the greatest common divisor of 105395 and 197.
197
Calculate the highest common factor of 319 and 30822.
11
What is the greatest common factor of 10288 and 30?
2
Calculate the greatest common divisor of 350 and 23275.
175
What is the highest common divisor of 3320 and 1167644?
332
Calculate the highest common factor of 7394669 and 1137.
379
What is the highest common divisor of 1105 and 10595?
65
What is the greatest common divisor of 92070 and 11?
11
What is the greatest common factor of 29 and 42?
1
What is the highest common divisor of 23926 and 784?
14
What is the highest common factor of 19786 and 1205424?
1522
What is the greatest common divisor of 336 and 26166?
42
Calculate the highest common factor of 481170 and 258.
258
What is the highest common factor of 5049 and 88587?
459
Calculate the highest common factor of 1328 and 36744.
8
Calculate the highest common divisor of 9097 and 253.
11
Calculate the greatest common factor of 7404620 and 460.
460
What is the greatest common divisor of 3724980 and 140?
140
What is the greatest common factor of 31228 and 481?
37
Calculate the highest common factor of 2106 and 317628.
54
Calculate the greatest common factor of 742640 and 80.
80
What is the highest common divisor of 102 and 10149?
51
Calculate the greatest common factor of 126 and 180558.
126
Calculate the greatest common divisor of 40 and 104344.
8
Calculate the highest common divisor of 56015 and 2040.
85
Calculate the greatest common factor of 289810 and 13505.
365
What is the greatest common divisor of 234 and 91026?
234
What is the greatest common factor of 8105 and 35?
5
What is the greatest common factor of 1200 and 52575?
75
What is the greatest common divisor of 287 and 1857464?
287
What is the greatest common divisor of 26 and 942097?
13
Calculate the greatest common factor of 100646 and 104.
26
Calculate the highest common factor of 554 and 2860302.
554
What is the greatest common factor of 2923 and 185?
37
What is the highest common factor of 18 and 22938?
6
Calculate the highest common divisor of 214004 and 476.
28
Calculate the greatest common factor of 763181 and 170.
17
What is the greatest common divisor of 783 and 1131?
87
What is the highest common divisor of 402012 and 6084?
468
What is the highest common factor of 175 and 250?
25